(n) = -3*n**3 - 85*n**2 + 970*n + 263. Calculate v(9).
-79
Let b(h) = -9*h**3 + 52*h**2 + 47*h - 73. Give b(7).
-283
Let y(u) = 82*u**2 + 2630*u + 207. Calculate y(-32).
15
Let n(g) = 729*g - 10666. Calculate n(15).
269
Let v(o) = 3*o**2 + 7471*o + 133462. Calculate v(-18).
-44
Let n(l) = 11*l**2 + 148*l - 878. Calculate n(6).
406
Let w(s) = -4*s**3 - 41*s**2 - 100*s - 32. What is w(-2)?
36
Let i(q) = -1323*q**2 - 13*q + 4. What is i(1)?
-1332
Let h(r) = r**3 + 114*r**2 - 1059*r - 10150. Determine h(-122).
-24
Let f(x) = 11060*x - 1537375. Calculate f(139).
-35
Let t(d) = -d**3 - 173*d**2 + 1454*d - 28. What is t(-181)?
-1114
Let a(w) = 79847*w + 559264. What is a(-7)?
335
Let d(m) = 4*m**2 + 95*m + 1369. Give d(-16).
873
Let x(a) = 2*a**2 + 140*a - 2315. Give x(-84).
37
Let w(c) = 3*c**2 + 214*c - 2645. Calculate w(-84).
547
Let p(k) = -2*k**3 - 124*k**2 + 19*k + 1028. What is p(-62)?
-150
Let t(o) = -520*o - 93227. Calculate t(-179).
-147
Let p(b) = -33716*b - 8934744. Calculate p(-265).
-4
Let q(h) = -66*h**2 - 888*h - 3014. Give q(-7).
-32
Let o(h) = -92*h - 1432. Give o(-18).
224
Let q(o) = -253013*o - 1265091. What is q(-5)?
-26
Let i(s) = s**3 + 21*s**2 + 82*s + 172. What is i(-15)?
292
Let a(d) = -170*d + 8503. Calculate a(50).
3
Let p(z) = -z**3 - 13*z**2 + 82*z + 1288. Calculate p(9).
244
Let s(o) = -7*o**3 + 65*o**2 - 78*o + 40. Calculate s(8).
-8
Let l(h) = -17*h**3 + 372*h**2 + 42*h + 57. Calculate l(22).
13
Let t(s) = -s**2 - 223*s + 37575. Give t(112).
55
Let f(z) = 2*z**3 - 17*z**2 + 46*z - 67. Determine f(5).
-12
Let g(o) = -8*o**2 + 343*o + 5177. Give g(58).
-1841
Let c(f) = f**3 + 180*f**2 + 974*f + 142165. Give c(-179).
-140
Let t(m) = -m**2 + 1502*m - 19496. Calculate t(13).
-139
Let z(a) = 3*a**3 - 170*a**2 - 6888*a + 16. Calculate z(84).
16
Let n(d) = -4*d**3 + 123*d**2 - 187*d - 689. What is n(29)?
-225
Let d(b) = b**3 - 83*b**2 - 8164*b + 24970. Give d(-60).
10
Let z(h) = h**3 - 43*h**2 + 99*h + 189. Give z(41).
886
Let p(y) = y**3 + 100*y**2 + 2496*y + 44. What is p(-50)?
244
Let i(m) = 15056*m + 120433. Give i(-8).
-15
Let a(h) = -210076*h - 2731011. Calculate a(-13).
-23
Let b(o) = 341*o + 36449. Calculate b(-107).
-38
Let f(u) = -u**3 - 56*u**2 - 476*u - 289. Determine f(-44).
-2577
Let d(v) = -106*v + 1618. Determine d(18).
-290
Let o(f) = -35*f**2 + 716*f - 3670. Give o(11).
-29
Let l(r) = -521*r + 2573. Calculate l(5).
-32
Let k(g) = 5*g**2 - 1060*g + 11042. What is k(201)?
-13
Let r(x) = 135*x - 307. Give r(-1).
-442
Let w(r) = 264990*r + 2914884. What is w(-11)?
-6
Let h(b) = -39260*b + 23516721. What is h(599)?
-19
Let r(o) = o**3 - 44*o**2 + 306*o + 252. Give r(35).
-63
Let r(v) = -v**3 + 84*v**2 - 1235*v + 95599. Determine r(83).
-17
Let x(w) = -w**2 + 3743*w - 85512. Give x(23).
48
Let f(l) = 10644*l + 1777608. Determine f(-167).
60
Let u(v) = -5*v**2 - 302*v - 2895. Determine u(-10).
-375
Let o(y) = -y**3 - 378*y**2 - 2657*y + 69. What is o(-7)?
489
Let m(k) = -996*k + 100621. Give m(101).
25
Let f(t) = 5672*t**2 + 62388*t - 43. Calculate f(-11).
1
Let p(b) = 21*b**2 + 344*b + 2606. What is p(-8)?
1198
Let w(i) = -7*i**3 - 72*i**2 - 44*i - 14. Give w(-5).
-719
Let a(f) = -2*f**2 - 331*f + 3661. Calculate a(11).
-222
Let g(m) = -220*m**2 - 3078*m + 12. Give g(-14).
-16
Let a(b) = 12761*b + 255140. What is a(-20)?
-80
Let i(x) = 2130*x + 117623. What is i(-55)?
473
Let g(b) = -b**3 + 297*b**2 + 68247*b + 501. Calculate g(449).
52
Let o(g) = -3*g**3 - 24*g**2 + 31*g + 10. Calculate o(-4).
-306
Let r(u) = -15588*u - 62355. Give r(-4).
-3
Let y(x) = 36*x**2 - 270*x + 505. Determine y(4).
1
Let v(f) = -11*f**2 + 335*f - 743. Determine v(27).
283
Let a(r) = -714*r - 2030. Calculate a(-3).
112
Let r(a) = 12976*a + 77990. Determine r(-6).
134
Let y(l) = -l**2 + 13278*l - 66328. Determine y(5).
37
Let g(l) = -l**3 + 41*l**2 + 5*l - 394. Calculate g(44).
-5982
Let p(m) = -170498*m + 4091954. Give p(24).
2
Let j(s) = 40*s**2 + 18719*s - 19187. What is j(-469)?
42
Let p(t) = t**2 - 187*t + 7999. Give p(72).
-281
Let y(l) = -l**3 - 33*l**2 - 3014*l - 52183. Calculate y(-19).
29
Let u(z) = -1536*z + 3666. What is u(1)?
2130
Let k(u) = u**3 - 37*u**2 - 733*u + 12361. Calculate k(47).
0
Let m(w) = 443448*w - 10199307. What is m(23)?
-3
Let d(a) = -19796*a - 158729. Calculate d(-8).
-361
Let t(i) = -359*i**2 - 17230*i + 93. What is t(-48)?
-3
Let k(f) = f**3 + 58*f**2 - 1747*f - 99598. What is k(-59)?
-6
Let f(z) = z**2 - 5520*z + 142848. Determine f(26).
4
Let f(i) = -4*i**2 - 751*i + 104776. Give f(-281).
-37
Let c(d) = -1124612*d - 52856758. Give c(-47).
6
Let m(f) = 2*f**2 + 105*f - 13828. Calculate m(61).
19
Let s(g) = -g**2 + 1055*g + 89451. Determine s(-79).
-135
Let g(a) = -26*a**3 + 15*a**2 - 17*a + 3. Give g(1).
-25
Let q(k) = k**3 + 109*k**2 + 90*k - 352. Determine q(-108).
1592
Let b(m) = -m**3 + 51*m**2 - 479*m - 2718. What is b(20)?
102
Let z(u) = u**3 - 463*u**2 - 1027*u + 475571. Determine z(463).
70
Let y(f) = f**2 - 585*f + 16062. Determine y(29).
-62
Let r(m) = -m**2 + 1084*m - 199494. Give r(235).
21
Let g(t) = -19*t**3 - 3*t**2 - 5*t - 1. Determine g(-2).
149
Let z(h) = 10983*h - 307505. What is z(28)?
19
Let c(n) = -3*n**3 + n**2 + 8786*n - 866. Give c(-54).
-2
Let p(j) = 4291*j + 95. Calculate p(0).
95
Let i(b) = 2*b**2 - 525426*b - 2627175. What is i(-5)?
5
Let h(j) = -8467*j + 39965. Determine h(5).
-2370
Let l(x) = 9*x**2 + 192*x + 6. Determine l(-24).
582
Let g(p) = p**3 + 107*p**2 + 1214*p - 20895. Calculate g(-25).
5
Let z(g) = -g**3 + 491*g**2 - 1948*g - 1. Determine z(487).
-1
Let c(a) = -2311*a - 94690. Determine c(-41).
61
Let h(i) = -2*i**2 - 2403*i - 77027. Give h(-33).
94
Let r(f) = -f**3 - 24*f**2 - 91*f + 37. Calculate r(-19).
-39
Let q(r) = -r**2 + 2699*r + 308983. Give q(-110).
-7
Let x(p) = -69*p**3 + 19*p**2 - 22*p - 1. Calculate x(2).
-521
Let r(u) = 3*u**3 + 14*u**2 + 51*u - 67. Give r(-6).
-517
Let x(v) = v**3 + 30*v**2 + 2626*v - 5386. Calculate x(2).
-6
Let z(p) = 120*p - 3873. Calculate z(41).
1047
Let j(v) = v**3 + 236*v**2 + 1135*v - 4642. Determine j(-231).
-22
Let y(r) = 19264*r + 1290670. Determine y(-67).
-18
Let y(j) = -j**3 - 10*j**2 + 46*j + 459. What is y(-9)?
-36
Let p(t) = 10231*t + 388790. Determine p(-38).
12
Let m(r) = 3696*r + 7233. What is m(-2)?
-159
Let d(p) = -7*p**3 - 6*p**2 + p + 125. What is d(-6)?
1415
Let b(y) = 3*y**2 + 1684*y - 38487. Give b(22).
13
Let s(l) = -17876*l - 89823. Determine s(-5).
-443
Let t(v) = v**2 - 456*v + 44604. Determine t(143).
-155
Let v(j) = 292*j - 3868. Give v(18).
1388
Let i(c) = c**3 - 58*c**2 + 95*c + 10246. Calculate i(17).
12
Let z(w) = 9442*w - 188913. Give z(20).
-73
Let y(q) = -q**3 + 80*q**2 + 748*q - 47887. Calculate y(82).
1
Let o(j) = 2*j**2 + 139*j + 2296. Determine o(-25).
71
Let u(i) = 89*i + 981. Determine u(-24).
-1155
Let a(c) = 18841*c**2 - 452172*c - 283. Give a(24).
5
Let o(r) = r**2 + 196*r + 10045. Give o(-106).
505
Let j(n) = 2*n**2 - 502*n + 31230. Calculate j(138).
42
Let i(q) = q**3 + 46*q**2 - 32*q + 1821. What is i(-48)?
-1251
Let r(v) = -7248*v + 16127. Give r(2).
1631
Let v(p) = 1314*p + 23582. Determine v(-18).
-70
Let g(x) = -3116*x - 96604. Determine g(-31).
-8
Let x(q) = 1722*q + 34852. What is x(-20)?
412
Let l(j) = 10*j**3 + 30236*j**2 + 30246*j + 12. Determine l(-1).
-8
Let t(i) = -3*i**3 + 183*i**2 - 91*i - 2570. What is t(60)?
2770
Let o(u) = -27*u**3 - 43878*u**2 - 4877*u - 3242. Calculate o(-1625).
8
Let g(x) = -43*x**2 + 21271*x + 6950. Give g(495).
20
Let s(c) = 43*c**3 - 10*c**2 - 33*c + 41. Determine s(4).
2501
Let j(v) = 9500*v - 9524. What is j(1)?
-24
Let o(h) = 6*h**2 - 53*h - 137. What is o(11)?
6
Let g(w) = -24279*w - 388459. What is g(-16)?
5
Let n(p) = 59*p**2 + 6914*p + 7938. Determine n(-116).
-182
Let p(a) = -520*a**2 - 2082*a - 80. What is p(-4)?
-72
Let q(d) = -9*d**2 + 5724*d + 479926. Give q(-75).
1
Let d(s) = 12*s**3 + 216*s**2 - 5372*s - 60. Determine d(14).
-4
Let y(n) = 91*n**2 + 6719*n + 13428. Give y(-2).
354
Let l(o) = -15*o**2 + 3659*o - 127221. Calculate l(42).
-3
Let g(t) = -26245*t + 630395. Determine g(24).
515
Let w(y) = 45*y - 3783. Calculate w(105).
942
Let i(j) = -6*j**2 + 690*j - 19158. Calculate i(68).
18
Let q(y) = -y**3 + 41*y**2 - 143*y -